{"id":541,"date":"2023-04-28T13:09:40","date_gmt":"2023-04-28T13:09:40","guid":{"rendered":"https:\/\/www.jez.ba\/?page_id=541"},"modified":"2023-08-17T10:20:29","modified_gmt":"2023-08-17T10:20:29","slug":"kurta-murta-podcast","status":"publish","type":"page","link":"https:\/\/www.jez.ba\/index.php\/kurta-murta-podcast\/","title":{"rendered":"Kurta &#038; Murta Podcast"},"content":{"rendered":"<h2>Kurta &amp; Murta Podcast<\/h2>\n<p>Subverzivni cinizam kao na\u010din komunikacije nasuprot nasilju i primitivizmu. Malim koracima ka slobodi misli.<\/p>\n<p><iframe style=\"border-radius: 12px;\" src=\"https:\/\/open.spotify.com\/embed\/show\/11jVUCK4U3zYyDWQAWbRjy?utm_source=generator\" width=\"100%\" height=\"352\" frameborder=\"0\" allowfullscreen=\"allowfullscreen\"><\/iframe><\/p>\n<p><a href=\"https:\/\/www.jez.ba\/index.php\/2023\/08\/17\/podcast-epizoda-broj-8\/\">08. Podcast Epizoda Broj 8 &#8211; Sja\u0161i kurta da zaja\u0161e Murta<\/a><\/p>\n<p><a href=\"https:\/\/www.jez.ba\/index.php\/2023\/05\/22\/podcast-epizoda-broj-7\/\">07. Podcast Epizoda Broj 7 <\/a><a href=\"https:\/\/www.jez.ba\/index.php\/2023\/05\/22\/podcast-epizoda-broj-7\/\">&#8211; Sjako Murta da zaja\u0161e Kurta<\/a><\/p>\n<p><a href=\"https:\/\/www.jez.ba\/index.php\/2023\/05\/22\/podcast-epizoda-broj-6\/\">06. Podcast Epizoda Broj 6 <\/a><a href=\"https:\/\/www.jez.ba\/index.php\/2023\/05\/22\/podcast-epizoda-broj-6\/\">&#8211; Sjaho Kurta da zaja\u0161e Murta<\/a><\/p>\n<p><a href=\"https:\/\/www.jez.ba\/index.php\/2023\/05\/22\/podcast-epizoda-broj-5\/\">05. Podcast Epizoda Broj 5 &#8211; Sjaho Murta da zaja\u0161e Kurta<\/a><\/p>\n<p><a href=\"https:\/\/www.jez.ba\/index.php\/2023\/05\/19\/podcast-epizoda-broj-4\/\">04. Podcast Epizoda Broj 4 &#8211; Sja\u0161i Murta da zaja\u0161e Kurta<\/a><\/p>\n<p><a href=\"https:\/\/www.jez.ba\/index.php\/2023\/05\/19\/podcast-epizoda-broj-3\/\">03. Podcast Epizoda Broj 3 &#8211; Sja\u0161 Kurta da zaja\u0161e Murta<\/a><\/p>\n<p><a href=\"https:\/\/www.jez.ba\/index.php\/2023\/05\/19\/podcast-epizoda-broj-2\/\">02. Podcast Epizoda Broj 2 &#8211; Kurta sjaho da zaja\u0161e Murta<\/a><\/p>\n\n\n<p><a href=\"https:\/\/www.jez.ba\/index.php\/2023\/05\/18\/pilot-epizoda\/\">01. Pilot Podcast Epizoda<\/a> &#8211; Sjaho Kurta da uzja\u0161e Murta<\/p>\n","protected":false},"excerpt":{"rendered":"<p>Kurta &amp; Murta Podcast Subverzivni cinizam kao na\u010din komunikacije nasuprot nasilju i primitivizmu. Malim koracima ka slobodi misli. 08. Podcast Epizoda Broj 8 &#8211; Sja\u0161i kurta da zaja\u0161e Murta 07. Podcast Epizoda Broj 7 &#8211; Sjako Murta da zaja\u0161e Kurta 06. Podcast Epizoda Broj 6 &#8211; Sjaho Kurta da zaja\u0161e Murta 05. Podcast Epizoda Broj&#8230;<\/p>\n","protected":false},"author":1,"featured_media":0,"parent":0,"menu_order":0,"comment_status":"closed","ping_status":"closed","template":"","meta":{"footnotes":""},"class_list":["post-541","page","type-page","status-publish","hentry"],"_links":{"self":[{"href":"https:\/\/www.jez.ba\/index.php\/wp-json\/wp\/v2\/pages\/541","targetHints":{"allow":["GET"]}}],"collection":[{"href":"https:\/\/www.jez.ba\/index.php\/wp-json\/wp\/v2\/pages"}],"about":[{"href":"https:\/\/www.jez.ba\/index.php\/wp-json\/wp\/v2\/types\/page"}],"author":[{"embeddable":true,"href":"https:\/\/www.jez.ba\/index.php\/wp-json\/wp\/v2\/users\/1"}],"replies":[{"embeddable":true,"href":"https:\/\/www.jez.ba\/index.php\/wp-json\/wp\/v2\/comments?post=541"}],"version-history":[{"count":22,"href":"https:\/\/www.jez.ba\/index.php\/wp-json\/wp\/v2\/pages\/541\/revisions"}],"predecessor-version":[{"id":614,"href":"https:\/\/www.jez.ba\/index.php\/wp-json\/wp\/v2\/pages\/541\/revisions\/614"}],"wp:attachment":[{"href":"https:\/\/www.jez.ba\/index.php\/wp-json\/wp\/v2\/media?parent=541"}],"curies":[{"name":"wp","href":"https:\/\/api.w.org\/{rel}","templated":true}]}}